 be (0 + 1)*(-120)/(-4). Let n be (-240)/(-39) + 8/(-52). What is the highest common factor of n and j?
6
Let k(z) = z**2 - 10*z + 18. Let w be k(9). What is the highest common factor of w and 18?
9
Suppose -x + 10 + 13 = 5*l, 3*x = -2*l + 17. Suppose -3 = x*f - 33. Calculate the greatest common factor of 20 and f.
10
Let y = 4 + -13. Let z = y - -14. Suppose z*q - 29 = -w, -3*w = 2*q + q - 39. Calculate the highest common divisor of 45 and w.
9
Let z = 17 + 10. Calculate the greatest common divisor of 27 and z.
27
Let f(z) = -z**3 + 8*z**2 - 7*z - 4. Let d be f(7). Let u = d + 23. Calculate the greatest common divisor of u and 152.
19
Let j(r) = r - 5. Let m be j(5). Suppose m = 5*k - 176 + 16. What is the highest common factor of k and 8?
8
Suppose -4*w + 52 = -12. Calculate the greatest common divisor of w and 2.
2
Let u be ((-3)/(-2))/(3 - (-195)/(-70)). Suppose -4*q + 228 = -2*o, -3*o = -4*q - q + 286. Calculate the greatest common factor of u and q.
7
Let g(m) = 1 + 9*m - 7 + 2. Let q be g(-4). Let x be (q/(-12))/(2/6). Calculate the greatest common divisor of 110 and x.
10
Let b = -57 + 88. Suppose b = 3*q - 2*w, q - 5*q - 4*w = -8. Calculate the greatest common divisor of q and 1.
1
Let z be 2/(-8) - 1803/(-12). Suppose a + a - 124 = 0. Suppose -a = -4*i - 2. Calculate the highest common factor of z and i.
15
Suppose -9*f + 65 + 34 = 0. What is the greatest common divisor of f and 11?
11
Suppose -5*b + 3*b = -24. Suppose 3*z + 2*z - 46 = -2*x, 3*z - 28 = -x. Suppose z*q - 5*q = 180. Calculate the greatest common factor of b and q.
12
Let s = -15 + 20. Calculate the highest common divisor of 35 and s.
5
Let o(f) = -f**3 + 2*f**2 - 2*f. Let g be o(3). Let p = 0 - g. Suppose 0 = -5*s + 25 - 0. What is the highest common divisor of s and p?
5
Suppose d = -y + 5*d + 22, 4*y - 88 = -3*d. What is the greatest common factor of 2 and y?
2
Let c(r) = 38*r**2 + 2*r + 2. Let y be c(3). Let a = -220 + y. Calculate the greatest common factor of 26 and a.
26
Let n be 4 - 6/(-3) - 0. Calculate the highest common factor of n and 42.
6
Suppose 6*v = 2*v. Suppose -5*n + n + 140 = v. What is the greatest common divisor of 7 and n?
7
Suppose -22 = -6*x + 2. What is the greatest common divisor of x and 16?
4
Suppose 3*m - 4*m = -128. Let b be ((-1 - -5)/1)/1. Suppose b*j - 97 + 33 = 0. Calculate the highest common factor of m and j.
16
Let w be (-2 - (-54)/(-15))/((-16)/40). Calculate the greatest common factor of w and 154.
14
Let x be 3*5*3/(27/42). Calculate the greatest common divisor of 35 and x.
35
Let n = -113 - -173. Suppose 5*z = -3*h + n, 3*z - 4*h = 4*z - 29. What is the greatest common factor of 72 and z?
9
Suppose 2*m - v - 866 = -2*m, m + 3*v - 223 = 0. Let g = -154 + m. What is the greatest common divisor of g and 7?
7
Let s = -39 - -61. Calculate the greatest common factor of 11 and s.
11
Suppose 136 = 5*c - c. What is the greatest common factor of 17 and c?
17
Suppose 9 = n + 3. Suppose i = -7 - n. Let m be i/(-3) + 3/(-9). Calculate the greatest common factor of 20 and m.
4
Suppose -2 = -3*n - 4*r, 2*n - 7 = 4*r + 1. Let s(i) = -11*i - 1. Let h be s(-1). What is the greatest common factor of h and n?
2
Let w = -28 - -43. Let m = -34 - -64. What is the highest common divisor of w and m?
15
Suppose 3*v - 2 = 4. Let f be 1/(-4) - 45/(-20). Calculate the greatest common divisor of f and v.
2
Let d = 78 - 33. Let i(c) = -c**3 - c**2 + c. Let n be i(0). Let u(p) = p + 15. Let y be u(n). Calculate the greatest common factor of d and y.
15
Let s(y) = -y**2 + 3*y. Let b be s(2). Suppose -2*q - 2 = -8. Calculate the highest common divisor of b and q.
1
Suppose 0*t = 3*t - 99. Suppose 2*d - t = -d. Calculate the greatest common divisor of 11 and d.
11
Suppose 77 = 4*p + 1. Suppose 2*b = 4*u + 52, p = b + 2*u + 3*u. Suppose -3*x - 6 = 0, 4*a = 2*a + 4*x + 536. Calculate the highest common factor of a and b.
24
Suppose -11*n - 2*n + 78 = 0. What is the highest common factor of 42 and n?
6
Suppose 0*k - 5*k = -180. Let w = -23 + k. What is the greatest common divisor of w and 13?
13
Let k be 85/(-25) + 2/5. Let p be 22/k*81/(-18). What is the greatest common divisor of p and 3?
3
Suppose -2*s = -0 - 6. Suppose -30 = -s*j - m, -2*j - 35 = -6*j - 3*m. Calculate the greatest common divisor of j and 33.
11
Suppose -2*w = -73 + 9. Let d be (144/15)/3*(-7 + 12). What is the greatest common factor of d and w?
16
Let l(c) = -c**3 + 7*c**2 - 8. Let b be l(6). What is the greatest common factor of 7 and b?
7
Let r = 1 - 1. Suppose -3*n - 4*y - 1 = r, -3*n + 0*y - 2 = 5*y. Let f(l) = l + 18. Let s be f(-9). What is the greatest common factor of s and n?
1
Let s be 5*(-2 + (-11)/(-5)). What is the greatest common divisor of s and 8?
1
Suppose 2*i - 40 = -3*c, 0 = 5*i - c - c - 138. What is the highest common factor of 39 and i?
13
Suppose 5*o - 3*j - 50 = -j, 0 = 5*j. Calculate the greatest common divisor of o and 4.
2
Let g be (-1)/((-1)/(-12)) + 2. Let h be (-45)/g*(-8)/(-6). Let s be 1 - (-2 + 2 + 0). What is the greatest common divisor of s and h?
1
Let s = -97 - -52. Let r = 43 - s. Let d = -60 + r. Calculate the greatest common divisor of 14 and d.
14
Let p = 182 + -142. Let j = 5 - -5. Calculate the highest common factor of p and j.
10
Let g(f) = f**3 - 8*f**2 - 2*f - 8. Let c be g(9). What is the highest common factor of c and 5?
5
Suppose 0 = -5*k - 0*k + 880. Calculate the highest common divisor of k and 16.
16
Suppose -2*u + 0*u = 5*i - 82, -u - 31 = -2*i. Calculate the greatest common factor of 48 and i.
16
Suppose 4*n - n = -c + 118, 2*c - 122 = -3*n. What is the greatest common factor of 266 and n?
38
Let b(i) = 4*i**2 + 2*i - 2. Let r be b(-2). Calculate the highest common factor of r and 4.
2
Let w(k) = 9*k - 3. Let s be w(2). Let v be -3 - 0 - (1 - s). What is the highest common factor of 88 and v?
11
Let z(r) = -15*r - 3. Let b be z(-2). Suppose -f + 3*g = -18, 4*g = -3*f + 63 - 9. Calculate the highest common divisor of f and b.
9
Let k(v) = v**3 + 8*v**2 - 8*v. Let i be k(-9). Let b = i - -19. What is the greatest common divisor of 5 and b?
5
Suppose 2*p - 45 = -17. Let r(x) = -23*x - 3. Let m be r(-5). What is the greatest common factor of m and p?
14
Let h = -144 + 243. Let x(k) = 3*k - k**2 - 1 + k**2 + k**2. Let l be x(2). Calculate the highest common factor of l and h.
9
Let f be -9*(-5)/(135/6). What is the greatest common divisor of 8 and f?
2
Let l(c) = 0*c**3 + c**3 - 4 - 2*c**3 - 11*c - 9*c**2. Let j be l(-8). Calculate the greatest common factor of 10 and j.
10
Suppose -4*s + 114 = 14. Let y(n) = 1 - 6 + 2 - 3*n**2 + 2*n**3 + 2*n. Let u be y(2). What is the greatest common divisor of u and s?
5
Suppose -l = 4*l - 15. Let n be -1*(2*-1 + -16). Suppose -n = -l*p + 5*h, 0*p - 2*h = -4*p + 38. Calculate the highest common factor of 11 and p.
11
Suppose 28 = -2*t - 14. Let m be (-1 + -6)*54/t. Calculate the greatest common divisor of 18 and m.
18
Suppose 4*y - 103 = -4*c + 7*c, -47 = -y + 5*c. Calculate the greatest common divisor of 242 and y.
22
Let s = -10 - -16. Suppose 2*h - s*h = -68. Suppose 5*y = -u + h, -u + 6*u - 2*y - 4 = 0. What is the highest common divisor of u and 8?
2
Suppose 17 = -3*m + 47. Let p(k) = -k**3 + 11*k**2 + 12*k - 5. Let x be p(12). Let j = 30 + x. What is the highest common divisor of j and m?
5
Let l(g) = -7*g + 0*g + 3*g**2 - 4*g**2 - 7. Let f be l(-5). Suppose 0 = -f*j + 4*j - 8. What is the highest common divisor of 32 and j?
8
Let l = -26 - -16. Let r be (-234)/15*l/3. Suppose 0*n = 4*n - r. Calculate the highest common divisor of n and 104.
13
Let b(p) = -p**3 - 9*p**2 - 10*p - 12. Let u be b(-8). Suppose 0*j = -4*j - 8. Let l be 2*(-1 - 5)*j. Calculate the highest common factor of l and u.
4
Let j(f) = 5*f + 8. Let q be j(4). Let k = -98 + 140. What is the highest common divisor of k and q?
14
Let k be 9 + ((-2)/(-2) - 3). Calculate the highest common divisor of k and 7.
7
Let m be (-4)/(-10) - (-945)/75. Calculate the highest common divisor of 13 and m.
13
Let l be 0/(0 - -2) - -1. Suppose -5*i + 5 = -4*a, -a + 3*i - 4 = -1. Let w = l + a. What is the greatest common divisor of w and 5?
1
Let v(h) = h**3 - 10*h**2 + 9*h + 12. Let u be v(9). Calculate the highest common divisor of u and 12.
12
Let 